vide 13845?
True
Is 13 a factor of 134?
False
Is 2750 a multiple of 11?
True
Is 55 even?
False
Is 23 a factor of 35913?
False
Is 98 a factor of 52325?
False
Is 21 a factor of 1113?
True
Is 9 a factor of 37840?
False
Is 36 a factor of 7815?
False
Is 794 a multiple of 13?
False
Does 18 divide 4805?
False
Is 12 a factor of 12350?
False
Is 7 a factor of 287?
True
Does 23 divide 11948?
False
Is 29 a factor of 424?
False
Is 8 a factor of 328?
True
Is 224 a multiple of 4?
True
Does 103 divide 569?
False
Does 29 divide 1972?
True
Does 81 divide 2754?
True
Is 7968 a multiple of 11?
False
Is 53 a factor of 1406?
False
Is 1149 a multiple of 76?
False
Does 2 divide 522?
True
Is 17 a factor of 9090?
False
Is 80 a factor of 24400?
True
Is 3 a factor of 6377?
False
Does 4 divide 2531?
False
Is 3114 a multiple of 14?
False
Is 104 a factor of 8442?
False
Is 53142 a multiple of 34?
True
Is 6 a factor of 1785?
False
Is 21 a multiple of 2?
False
Does 230 divide 62252?
False
Is 2 a factor of 29?
False
Is 30176 a multiple of 23?
True
Is 1400 a multiple of 82?
False
Is 195511 a multiple of 44?
False
Is 169 a factor of 19773?
True
Does 38 divide 2166?
True
Is 5676 a multiple of 86?
True
Does 42 divide 5911?
False
Does 52 divide 15408?
False
Does 202 divide 8484?
True
Does 30 divide 16470?
True
Is 105 a factor of 12465?
False
Is 2547 a multiple of 9?
True
Does 15 divide 7770?
True
Is 193 a factor of 27668?
False
Is 1695 a multiple of 15?
True
Does 100 divide 1900?
True
Is 10 a factor of 164260?
True
Is 1396 a multiple of 25?
False
Is 6695 a multiple of 13?
True
Does 21 divide 1533?
True
Does 80 divide 50480?
True
Is 18 a factor of 5627?
False
Is 259 a factor of 103845?
False
Does 37 divide 5254?
True
Is 10 a factor of 2573?
False
Does 32 divide 719?
False
Is 588 a multiple of 6?
True
Does 6 divide 152?
False
Does 15 divide 270?
True
Does 12 divide 600?
True
Does 31 divide 3776?
False
Is 55 a factor of 3057?
False
Is 4235 a multiple of 35?
True
Is 1420 a multiple of 20?
True
Is 111 a factor of 2997?
True
Is 24 a factor of 4776?
True
Is 1920 a multiple of 60?
True
Is 13973 a multiple of 3?
False
Is 17 a factor of 203?
False
Does 8 divide 984?
True
Does 19 divide 7505?
True
Is 45 a factor of 30797?
False
Is 51 a factor of 397?
False
Is 93362 a multiple of 151?
False
Is 975 a multiple of 195?
True
Does 9 divide 531?
True
Is 30 a factor of 2522?
False
Does 31 divide 53126?
False
Is 207 a factor of 30636?
True
Is 341 a multiple of 57?
False
Does 53 divide 3086?
False
Is 19257 a multiple of 131?
True
Is 1148 a multiple of 8?
False
Is 1896 a multiple of 103?
False
Is 9828 a multiple of 36?
True
Does 26 divide 683?
False
Is 20 a factor of 1090?
False
Does 36 divide 21816?
True
Is 78 a factor of 1950?
True
Is 11 a factor of 1815?
True
Is 10804 a multiple of 10?
False
Does 7 divide 15638?
True
Is 145 a factor of 45119?
False
Is 19 a factor of 58060?
False
Does 13 divide 38346?
False
Does 53 divide 6774?
False
Is 5735 a multiple of 5?
True
Is 6 a factor of 414?
True
Does 55 divide 1046?
False
Is 1629 a multiple of 9?
True
Is 7164 a multiple of 36?
True
Is 60 a factor of 87480?
True
Does 17 divide 76619?
True
Is 23 a multiple of 23?
True
Does 5 divide 88?
False
Is 9268 a multiple of 14?
True
Is 6 a factor of 81?
False
Does 19 divide 1045?
True
Is 59 a factor of 966?
False
Is 1506 a multiple of 43?
False
Is 133 a multiple of 2?
False
Is 125 a factor of 83375?
True
Is 1755 a multiple of 45?
True
Does 5 divide 38711?
False
Is 10620 a multiple of 12?
True
Does 14 divide 238?
True
Does 3 divide 27?
True
Is 200 a factor of 31000?
True
Is 249 a multiple of 18?
False
Is 19 a factor of 13528?
True
Is 16 a factor of 16109?
False
Is 660 a multiple of 110?
True
Is 670 a multiple of 134?
True
Is 16 a factor of 451?
False
Is 29 a factor of 957?
True
Is 16976 a multiple of 29?
False
Is 19 a multiple of 19?
True
Does 9 divide 5823?
True
Is 79 a factor of 494?
False
Is 192 a factor of 48576?
True
Is 6 a factor of 4313?
False
Does 11 divide 5803?
False
Is 48 a factor of 2208?
True
Does 47 divide 3525?
True
Is 369 a multiple of 41?
True
Is 13925 a multiple of 28?
False
Does 7 divide 4515?
True
Is 50 a factor of 27647?
False
Is 15 a factor of 7335?
True
Does 12 divide 3708?
True
Is 9 a factor of 4607?
False
Does 23 divide 992?
False
Is 2560 a multiple of 80?
True
Is 5592 a multiple of 24?
True
Is 1153 a multiple of 14?
False
Is 111 a factor of 32523?
True
Is 79 a factor of 712?
False
Is 572 a multiple of 26?
True
Is 54726 a multiple of 21?
True
Does 84 divide 14700?
True
Is 1470 a multiple of 14?
True
Is 47 a factor of 705?
True
Is 3408 a multiple of 24?
True
Does 13 divide 45175?
True
Is 56 a factor of 280?
True
Is 24892 a multiple of 254?
True
Is 10 a factor of 10?
True
Is 1328 a multiple of 8?
True
Is 36 a factor of 1584?
True
Does 27 divide 10381?
False
Is 32 a factor of 1400?
False
Is 26 a factor of 1081?
False
Is 36 a factor of 352?
False
Is 6 a factor of 9697?
False
Is 20822 a multiple of 6?
False
Is 7 a factor of 315?
True
Does 18 divide 327?
False
Does 29 divide 39499?
False
Does 140 divide 2089?
False
Does 114 divide 21097?
False
Is 314 a multiple of 6?
False
Is 4826 a multiple of 20?
False
Does 8 divide 35339?
False
Is 26 a factor of 2288?
True
Does 29 divide 2088?
True
Is 6 a factor of 2107?
False
Does 58 divide 17434?
False
Is 54 a factor of 12744?
True
Is 283 a factor of 52164?
False
Does 23 divide 14467?
True
Is 55936 a multiple of 249?
False
Is 7006 a multiple of 26?
False
Does 32 divide 9595?
False
Does 35 divide 1491?
False
Is 38 a factor of 9226?
False
Is 14303 a multiple of 5?
False
Is 206 a factor of 15966?
False
Is 450 even?
True
Is 13 a factor of 688?
False
Is 9090 a multiple of 30?
True
Is 1364 a multiple of 62?
True
Does 32 divide 931?
False
Is 15 a factor of 25877?
False
Is 11 a factor of 4178?
False
Is 11 a factor of 7942?
True
Is 12 a factor of 911?
False
Does 41 divide 139359?
True
Is 30 a factor of 120?
True
Does 8 divide 568?
True
Is 363 a multiple of 3?
True
Does 3 divide 199?
False
Is 17 a factor of 2254?
False
Is 2 a factor of 1028?
True
Is 4381 a multiple of 58?
False
Is 4318 a multiple of 17?
True
Does 5 divide 9745?
True
Is 17 a factor of 2051?
False
Does 7 divide 63?
True
Is 855 a multiple of 17?
False
Is 4 a factor of 1382?
False
Is 15 a factor of 454?
False
Is 136 a factor of 12767?
False
Does 11 divide 4125?
True
Is 10 a factor of 7627?
False
Is 24 a factor of 30657?
False
Is 1736 a multiple of 64?
False
Does 44 divide 1232?
True
Is 5 a factor of 182?
False
Does 12 divide 4860?
True
Does 20 divide 10649?
False
Is 45 a factor of 2295?
True
Is 76896 a multiple of 96?
True
Is 32 a factor of 2984?
False
Does 12 divide 7140?
True
Is 570 a multiple of 15?
True
Is 9133 a multiple of 50?
False
Is 16312 a multiple of 51?
False
Is 1516 even?
True
Is 12 a factor of 732?
True
Does 2 divide 263?
False
Does 41 divide 4100?
True
Is 20 a factor of 1556?
False
Does 9 divide 2079?
True
Is 53 a factor of 13568?
True
Is 68 a factor of 57392?
True
Does 52 divide 1144?
True
Is 170 a multiple of 10?
True
Does 10 divide 1940?
True
Is 20 a factor of 2120?
True
Is 1864 a multiple of 10?
False
Is 28044 a multiple of 12?
True
Is 251 a multiple of 13?
False
Does 3 divide 112?
False
Does 10 divide 2274?
False
Does 9 divide 765?
True
Does 17 divide 5899?
True
Does 39 divide 4485?
True
Is 7 a factor of 4272?
False
Is 51 a factor of 561?
True
Is 6 a factor of 187?
False
Does 27 divide 1431?
True
Does 16 divide 15792?
True
Does 47 divide 7102?
False
Is 2484 a multiple of 2?
True
Is 7795 a multiple of 8?
False
Does 57 divide 3109?
False
Does 5 divide 309?
False
Is 111 a factor of 1076?
False
Is 3 a factor of 112?
False
Is 1660 a multiple of 20?
True
Is 3170 a multiple of 20?
False
Is 600 a multiple of 200?
True
Does 169 divide 25181?
True
Does 3 divide 111?
True
Is 10 a factor of 2560?
True
Is 671 a multiple of 11?
True
Is 61 a factor of 23729?
True
Is 2496 a multiple of 66?
False
Is 3173 even?
False
Does 60 divide 1500?
True
Does 27 divide 27?
True
Is 1407 a multiple of 54?
False
Is 41 a factor of 285?
False
Does 77 divide 13262?
False
Is 1357 a multiple of 23?
True
Does 148 divide 54301?
False
Does 22 divide 1825?
False
Is 129843 a multiple of 189?
True
Does 17 divide 799?
True
Is 4 a fa